z**3 + o*z**2 - 4*z**3 + 5*z. Determine s(-7).
11
Let u(z) = 41 - 819*z + 7*z**2 + 823*z + z**3 + 3*z**2. Determine u(-10).
1
Let t(v) = 25*v + 736. Let y be t(-29). Let a(b) = b - 6. Give a(y).
5
Let a(x) = x**3 + 21*x**2 - 22*x - 12. Suppose 221 = -p + 199. What is a(p)?
-12
Let m = -607035 + 607039. Let c(y) = 3*y**3 + 17*y**2 - 13*y + 12. Let l(q) = 4*q**3 + 25*q**2 - 19*q + 18. Let u(o) = -7*c(o) + 5*l(o). Give u(m).
22
Let a(z) = 8*z**3 + z - 1. Let d = 703 + -760. Let w = -110 - -168. Let o = d + w. Determine a(o).
8
Let o(c) = 4*c**3 - 4*c**2 - 2*c + 2. Let s = 2524 + -2521. Give o(s).
68
Let g = 178 - 173. Let l(k) = k**3 - 12*k**2 + 12*k - 7. Let y be l(11). Let i(r) = -y + 2 + r + 0*r + 8. What is i(g)?
11
Let n(z) = -z**2 + z + 11. Let x be (-5 - (-9 - 2)) + -3. Let s be n(x). Let p(w) = w**3 - 12 - 6*w + w - 6*w**2 + 2*w**2 + 13. Give p(s).
1
Suppose 5*b - 17139 = -17124. Let d(t) be the second derivative of 5/6*t**b - 1/12*t**4 + 5/2*t**2 + 0 - 7*t. What is d(5)?
5
Suppose -3*o = 0, 0 = -5*l - 3*o + 8*o + 250. Let z(i) = -145 + i + l + 48 + 45. What is z(0)?
-2
Let r = -51 - -56. Suppose 11 - r = -k. Let l(a) be the second derivative of -a**5/20 - a**4/2 - 3*a**2 + 5*a. What is l(k)?
-6
Let k(r) = -r**3 - 8*r**2 - 9*r - 9. Let p(v) = v**3 - 10*v**2 + 8*v - 24. Let s be p(10). Let o = s + -171. Let h = o + 109. Calculate k(h).
-27
Let w(q) = 3*q**2 + q**2 + 2*q**2 + 9*q - 7*q**2 + 4*q**2 - 40. Let y(f) = f**2 + 3*f - 14. Let i(g) = 6*w(g) - 17*y(g). Determine i(-4).
2
Let j(q) = -35 - 49*q + 79*q - 20*q. Determine j(4).
5
Let p be (-56)/252 + 60/27. Let d(c) = 2*c - 1 + c**p - c + 3*c**2 - 9 - 3*c**2. Determine d(0).
-10
Let n(r) = r**3 + 7*r**2 - 5*r + 7. Suppose -12 = 2*t - 2*h, -4*h + 18 = -5*t - 12. What is n(t)?
73
Let j(n) = -4*n**2 + 7*n - 8. Suppose 4*d = -2*o + 30, 5*o - 209*d + 214*d = 50. Give j(o).
-73
Let c(s) = 5*s - 73. Let o(n) = -14*n + 202. Let q(w) = -8*c(w) - 3*o(w). Give q(5).
-12
Let n(r) = r**2 + 5*r + 1. Let p be n(-6). Let s = -480 - -483. Let l(k) = -p*k - 6*k + 2*k**2 + 12*k - k**s - 2 - k**2. Give l(0).
-2
Let l(o) = -o. Let x(m) = -4*m + 16. Let g(t) = 8*l(t) - x(t). Let v(k) = -k - 2. Let b(j) = g(j) - 5*v(j). Determine b(5).
-1
Let z(a) = a**3 + 11*a**2 + 25*a + 56. Suppose 2*n + 45 - 11 = 4*u, 4*u + 2 = -2*n. Calculate z(n).
-7
Let n(j) = j**2 - 10*j. Suppose 4*g + 0*y = -3*y + 31, -3*g - y = -22. Let h be 2/(g - 120/18). What is n(h)?
-24
Let t(h) = 38*h**2 - 9*h + 3. Suppose -5*k - 580*y = -577*y - 17, 0 = 4*y - 16. Determine t(k).
32
Suppose -5*b = -3*i + 261, -3*i + 4*b = 7*b - 261. Suppose -5*n = i - 102. Let s(m) = -2*m**2 + 8*m - 1. Give s(n).
5
Let m be (-4)/(-12)*(0 - -6). Let b(l) = -5*l**3 - 3*l**2 + 14*l - 5. Let u(v) = 6*v**3 + 4*v**2 - 17*v + 6. Let a(h) = -5*b(h) - 4*u(h). What is a(m)?
1
Let m(z) = -38*z - 499. Let l be m(-13). Suppose k + 0 = 2. Let d(c) = 7 - c**k + 1 + 2*c**2 - 4 + 6*c. Give d(l).
-1
Let l(b) = -b**3 + 10*b**2 + 19*b - 9. Suppose 182*r = -479 + 2481. Calculate l(r).
79
Let o(l) = -2*l**3 - 11*l**2 - l + 1. Let n(p) = 9*p**3 + 59*p**2 + 4*p + 24. Let u(z) = -n(z) - 5*o(z). What is u(5)?
1
Let k = -280 - -285. Suppose 0*j + k = l - 2*j, 5*l + 3*j = -27. Let u(y) = -y**2 - 1 + 2*y**2 + 0*y**2 + y. What is u(l)?
5
Let a(t) = -10*t + 83. Let h be a(8). Suppose -m + 4*x + 6 = x, 0 = h*m + 2*x - 18. Let u(b) = -b**3 + 7*b**2 - 2*b - 6. What is u(m)?
18
Let t = -89 - -84. Let p(w) be the first derivative of -w**2/2 - 10*w - 242. Determine p(t).
-5
Let d(g) = -12*g**3 - g**2 - g + 72. Let o(w) = 14*w**3 + 2*w**2 + w - 87. Let p(a) = 6*d(a) + 5*o(a). Calculate p(4).
-71
Let p be -10 - (-3 + 5/2)*8. Let k be ((-35)/(-6) - 1) + (-1)/p. Let a(d) = -2*d - 2. What is a(k)?
-12
Let t(w) = w**3 + w - 1. Let j(h) = -6*h - 66. Let q be j(-13). Suppose 0 = -3*l + q, -l + 4 = 2*b + b. Calculate t(b).
-1
Let n(d) be the first derivative of d**2/2 - 11*d - 20308. Let y be (8/(-6))/((-2)/6). Determine n(y).
-7
Let x(r) = r**3 - 3*r**2 - 4526 + 9067 + 8*r - 4*r**2 - 4536. What is x(4)?
-11
Suppose b = 4*a + 18, a - 6*a = b - 9. Suppose 5*o = -3*l + 21 - b, -3*o + 3 = 3*l. Let r(y) = -y**3 + 3*y - 2. What is r(o)?
-4
Let u = 7 - 11. Let a(f) = 4*f**3 + 8*f**2 + 6*f. Let p(i) = 66*i - 113*i + 15*i**2 + 7*i**3 + 59*i. Let j(d) = -5*a(d) + 3*p(d). What is j(u)?
-8
Let x(o) be the third derivative of -o**6/360 - o**5/30 - o**4/8 + 37*o**3/2 - 127*o**2. Let d(j) be the first derivative of x(j). Give d(-2).
1
Let v(k) = -1964*k + 36. Let m(h) = 393*h - 6. Let d(a) = -5*m(a) - v(a). Let g = -2 - 6. Calculate d(g).
2
Let p(y) = -90*y + 92*y + y**2 - 1 + 19*y**3 - y**2. Let l be p(1). Let c(u) = 14*u + 7*u - l*u. Determine c(-2).
-2
Let z(i) = i**3 + 3*i**2 - 4*i - 5. Let d be -4 + ((-5)/(-1) - -1). Let l be z(d). Let s(p) = -p + 4. Give s(l).
-3
Let o(v) = 945*v**2 + 6614*v - 7. Let f be o(-7). Let m(u) be the third derivative of 0*u**4 - 1/120*u**6 - u - 2*u**2 + 1/3*u**3 + 0 + f*u**5. Determine m(-3).
29
Let b(s) = 234*s - 2336. Let g be b(10). Let c(z) = -3*z**2 - 23*z + 95. Determine c(g).
-45
Let l(y) = y**2 - 9*y - 19. Let h = -112 + 123. Let j be l(h). Let s(q) = 4 + 4*q + 2*q**2 - 5*q - 2*q**2 + 3*q**2 - q**3. Calculate s(j).
1
Let b(w) = 4*w**2 + w. Let x(n) = 2*n**2 + n. Let i(q) = 2*b(q) - 5*x(q). Let r(c) = -6*c - 410. Let g be r(-68). Give i(g).
-2
Let u(c) = c**3 + 6*c**2 - 4*c - 22. Let s = 332 + -338. Calculate u(s).
2
Suppose 0 = m, -2*h - 26 = -3*m - 14. Let f(v) = -v**3 - 9*v**2 - 17*v - 2. What is f(h)?
-8
Suppose 1 = -d + 3*t, -4 = -d - 2*t - 0. Suppose -10 = 2*z, -d*n - z = z + 8. Let m(y) be the second derivative of -5*y**3/3 + 155*y - 6. Give m(n).
-10
Let y(s) = 36*s**3 + s**2 - 1. Let d be y(-1). Let v = 30 + d. Let g(i) = i**3 + 7*i**2 + 5*i - 8. What is g(v)?
-2
Let p(b) = 4*b**3 - 3*b**3 + 1033*b**2 - 1037*b**2 + 4*b + 2 - 3. Let q = -4 - -7. Let r be p(q). Let g(o) = -o**3 + 4*o**2. What is g(r)?
8
Let k(d) be the second derivative of -7*d**5/120 + d**4/6 + 199*d**3/6 + 134*d. Let o(t) be the second derivative of k(t). What is o(-3)?
25
Suppose -2*w + 28 - 33 - 13 = 0. Let d(j) = -j**2 - 13*j - 15. Calculate d(w).
21
Suppose f + 38 = d + 4*f, 6 = d - 5*f. Suppose -19 = -c + 4*w, -5*c + 18 + d = -3*w. Suppose 3*k + c = 4*k. Let m(l) = -2*l - 1. Calculate m(k).
-15
Let v be 1 + 58/(-5) + (-2 - 168/(-105)). Let q(k) = 11*k + 3*k - 10 - 3*k**2 + 4*k**2. Give q(v).
-43
Let c = -30 - -26. Let v(w) be the second derivative of -5/6*w**3 - w**2 + 1/20*w**5 - 32*w + 1/6*w**4 + 0. Give v(c).
-14
Let w(f) = -17*f - 99. Let z be ((-9 - -37)/7)/(4/(-6)). What is w(z)?
3
Let o(c) = c - 10. Let p be 21*(4 - 48/18). Suppose 33*w - 25 = p*w. What is o(w)?
-5
Suppose -3*x + 0 + 9 = 0. Let s(v) = -1090*v - 1092*v + 2179*v + 6*v**2. Give s(x).
45
Let u be 2/(-3) + 1 - (-16)/6. Suppose 0 = -u*v + 5 + 28. Let d(b) = -b**3 - 10*b**2 - 787*b - v + 798*b + 2*b**3. Calculate d(9).
7
Let n(h) = -4*h**2 - 140*h + 9. Let q be -29 + (-6)/3 + (-6 - -2). Determine n(q).
9
Suppose -b = b - 56. Suppose 4*i - 8*i = b. Let f(g) be the second derivative of g**5/20 + 7*g**4/12 - g**3/6 - 7*g**2/2 + 1662*g - 2. What is f(i)?
0
Let f(q) be the third derivative of 1/12*q**5 + 1/120*q**6 + 1/24*q**4 + 1/2*q**3 + 0*q - 31*q**2 + 0. Calculate f(-5).
-2
Let t(j) = -14*j**3 - j**2 + 5*j - 12. Let i(g) = 79*g**3 + 7*g**2 - 29*g + 68. Let k(v) = 3*i(v) + 17*t(v). Let p(m) = 2*m - 8. Let n be p(6). Give k(n).
-8
Let y(q) be the second derivative of 5*q**4/12 + 65*q**3/6 - 13*q**2/2 - 32*q - 9. Calculate y(-13).
-13
Suppose -16*t - 19 = -12*t + u, 0 = -4*u + 4. Let k(a) = -5*a**2 + 13*a + 4. Let x(q) = 6*q**2 - 17*q - 6. Let z(w) = 5*k(w) + 4*x(w). Determine z(t).
-14
Let c(d) = 2*d + 17. Suppose 0 = -422*q + 313*q - 1308. What is c(q)?
-7
Suppose -27*x - 70 = 33*x + 350. Let z(d) = 8*d + 33. Calculate z(x).
-23
Let n be (-544)/102 + 20/15. Let o(b) = -1 - b**3 - 3*b**2 + 5 + 4*b - 3. Give o(n).
1
Let f = 95 - 95. Let p(u) = -u**2 + 3*u - 6. Let i be p(f). Let g(a) = a**3 + 5*a**2 - 7*a - 1. Calculate g(i).
5
Suppose 0 = 4*n + 4*h - 190 + 118, 0 = -n + h + 8. Let v(o) = o**3 - o. Let c(m) = -7*m**3 + 12*m**2 + 17*m + 16. Let r(d) = -c(d) - 6*v(d). What is r(n)?
10
Let f(b) be the second derivative of b**3/6 + 13*